{"id":39,"date":"2019-05-27T20:15:07","date_gmt":"2019-05-27T20:15:07","guid":{"rendered":"http:\/\/kulturbahnhof.net\/?page_id=39"},"modified":"2019-07-08T17:26:38","modified_gmt":"2019-07-08T17:26:38","slug":"musik","status":"publish","type":"page","link":"https:\/\/kulturbahnhof-beckum.de\/?page_id=39","title":{"rendered":"Musikschule Beckum"},"content":{"rendered":"\n<p>Ob Musikalische Fr\u00fcherziehung, Musikalische Grundausbildung, Gesang oder Keyboard. Hier kannst du modernen Unterricht in alten Gem\u00e4uern  genie\u00dfen<\/p>\n\n\n\n<p><a rel=\"noreferrer noopener\" aria-label=\" (\u00f6ffnet in neuem Tab)\" href=\"http:\/\/www.musikschule-beckum.de\" target=\"_blank\">www.musikschule-beckum.de<\/a><\/p>\n\n\n\n<p>Auch der <strong>Schoenefeldt Chor<\/strong> hat in dem alten Bahnhof sein Hauptquartier gefunden.<\/p>\n\n\n\n<div class=\"wp-block-image\"><figure class=\"alignright is-resized\"><a href=\"http:\/\/www.schoenefeldt.de\" target=\"_blank\" rel=\"noreferrer noopener\"><img loading=\"lazy\" decoding=\"async\" src=\"http:\/\/kulturbahnhof.net\/wp-content\/uploads\/2019\/05\/Logo-2012-01-1024x333.jpg\" alt=\"\" class=\"wp-image-50\" width=\"512\" height=\"167\" srcset=\"https:\/\/kulturbahnhof-beckum.de\/wp-content\/uploads\/2019\/05\/Logo-2012-01-1024x333.jpg 1024w, https:\/\/kulturbahnhof-beckum.de\/wp-content\/uploads\/2019\/05\/Logo-2012-01-300x98.jpg 300w, https:\/\/kulturbahnhof-beckum.de\/wp-content\/uploads\/2019\/05\/Logo-2012-01-768x250.jpg 768w\" sizes=\"auto, (max-width: 512px) 100vw, 512px\" \/><\/a><\/figure><\/div>\n\n\n\n<p> Du   singst gerne?<br>Du m\u00f6chtest dich und deine Stimme entdecken?<br>Alleine?<br>Oder doch lieber in einer Gruppe?<br>Du m\u00f6chtest ein Lied f\u00fcr dich oder f\u00fcr deine\/n Liebste\/n aufnehmen?<br>Du suchst einen Chor, eine\/n Solos\u00e4nger\/in f\u00fcr dein Event?<\/p>\n\n\n\n<p><strong>Dann bist du hier richtig<\/strong>: <a rel=\"noreferrer noopener\" aria-label=\" (\u00f6ffnet in neuem Tab)\" href=\"http:\/\/www.schoenefeldt.de\" target=\"_blank\">www.schoenefeldt.de<\/a><\/p>\n\n\n\n<p><\/p>\n\n\n\n<p><\/p>\n","protected":false},"excerpt":{"rendered":"<p>Ob Musikalische Fr\u00fcherziehung, Musikalische Grundausbildung, Gesang oder Keyboard. Hier kannst du modernen Unterricht in alten Gem\u00e4uern genie\u00dfen www.musikschule-beckum.de Auch der Schoenefeldt Chor hat in dem alten Bahnhof sein Hauptquartier gefunden. Du singst gerne?Du m\u00f6chtest dich und deine Stimme entdecken?Alleine?Oder doch lieber in einer Gruppe?Du m\u00f6chtest ein Lied f\u00fcr dich oder f\u00fcr deine\/n Liebste\/n aufnehmen?Du suchst<\/p><\/div>\n<div class=\"blog-btn\"><a href=\"https:\/\/kulturbahnhof-beckum.de\/?page_id=39\" class=\"home-blog-btn\">Weiterlesen<\/a><\/p>\n","protected":false},"author":1,"featured_media":0,"parent":0,"menu_order":0,"comment_status":"closed","ping_status":"closed","template":"","meta":{"footnotes":""},"class_list":["post-39","page","type-page","status-publish","hentry"],"_links":{"self":[{"href":"https:\/\/kulturbahnhof-beckum.de\/index.php?rest_route=\/wp\/v2\/pages\/39","targetHints":{"allow":["GET"]}}],"collection":[{"href":"https:\/\/kulturbahnhof-beckum.de\/index.php?rest_route=\/wp\/v2\/pages"}],"about":[{"href":"https:\/\/kulturbahnhof-beckum.de\/index.php?rest_route=\/wp\/v2\/types\/page"}],"author":[{"embeddable":true,"href":"https:\/\/kulturbahnhof-beckum.de\/index.php?rest_route=\/wp\/v2\/users\/1"}],"replies":[{"embeddable":true,"href":"https:\/\/kulturbahnhof-beckum.de\/index.php?rest_route=%2Fwp%2Fv2%2Fcomments&post=39"}],"version-history":[{"count":12,"href":"https:\/\/kulturbahnhof-beckum.de\/index.php?rest_route=\/wp\/v2\/pages\/39\/revisions"}],"predecessor-version":[{"id":110,"href":"https:\/\/kulturbahnhof-beckum.de\/index.php?rest_route=\/wp\/v2\/pages\/39\/revisions\/110"}],"wp:attachment":[{"href":"https:\/\/kulturbahnhof-beckum.de\/index.php?rest_route=%2Fwp%2Fv2%2Fmedia&parent=39"}],"curies":[{"name":"wp","href":"https:\/\/api.w.org\/{rel}","templated":true}]}}